4 + 1)/25 - 11/5. Let m(b) = -3*b - 1. Let i be m(z). Let w(a) = -2*a + 4. Give w(i).
-6
Let k(q) be the first derivative of -3/2*q**2 - 3*q - 1/3*q**3 + 18. Calculate k(-6).
-21
Let s(u) = -7*u - 3. Let z be s(-1). Suppose 2*d - 6*n = -n + 22, -100 = -4*d - z*n. Let w = d + -19. Let g(x) = x**3 - 4*x**2 + 4*x - 3. Give g(w).
-3
Let c be 6*(1 - 0/(-1)). Suppose 3*j = -0*j + c. Suppose v + 2*v - 5*f - 18 = 0, j*v - 5 = f. Let r(s) = 11*s**3 - s**2 + s - 1. Determine r(v).
10
Let f(b) = b**3 + 11*b**2 + 10*b + 4. Let p be (-10)/25 - 42/(-5). Suppose -q - 90 = p*q. Determine f(q).
4
Suppose y - 3*y = -3*x + 8, -4*x + 5*y + 13 = 0. Let k(s) = -s**3 - s + 258 - 249 + x*s**2 - s**2. Calculate k(0).
9
Let v(j) = -j**3 - 5*j**2 - 4*j - 5. Suppose 2 = -3*c + 2*y, -4*c + 2*y - 18 = -12. What is v(c)?
-5
Let d(x) = 3*x + 6*x**2 - 3 - 5 + 2 - x**3. Suppose 12*u - 144 = 7*u - 19*u. Determine d(u).
12
Suppose -6*a = -21 - 21. Suppose -4*o = -a + 47. Let u(m) = m**3 + 10*m**2 - 2. Give u(o).
-2
Let j = -260 - -254. Let h(f) = f**3 + f + 2 + 6 - 1 + 6*f**2. Give h(j).
1
Let z(o) = -7*o**2 + 11*o + 6. Let d(b) = 9*b**2 - 11*b - 6. Let f(n) = 4*d(n) + 5*z(n). Let t = -2 + -5. Calculate f(t).
-22
Let w(r) = 2*r**2 - 4*r**2 + 2*r - 7 + 14 - 10. Determine w(-3).
-27
Let j(o) = 3*o + 14. Let x be j(-4). Let u(w) = -28*w + x + 19*w + 15*w. What is u(-3)?
-16
Let q(c) = -c**2 - 5*c - 6. Let l(z) = z**2 + z - 37. Let p be l(5). Determine q(p).
-20
Let t(h) be the third derivative of 0*h + 0*h**3 + 0 - 5/24*h**4 + 2*h**2. Suppose 2*z - 8 = -10. Determine t(z).
5
Let x(p) = -162*p - 168*p + 496*p - 168*p. Let b be 7/14*(2 + 4). Determine x(b).
-6
Let v(x) = 2*x**3 + 3*x**2 - 3*x + 2. Let k = 21 - 18. Let q be ((-20)/8)/((-3)/6) - k. Calculate v(q).
24
Let l(u) = 773 + 763 + u - 3058 + 763 + 765. Let g(s) = -s**3 - s**2 - s - 8. Let p be g(0). What is l(p)?
-2
Let h(o) = 7 + 14*o - o**3 + 0*o**2 + 17*o - 21*o - 9*o**2. Let a be 6/21 + 72/(-7). Give h(a).
7
Let y(z) = -z**2 + 7*z - 2. Let t be (-2*1/1)/(-1). Suppose -7*u + 63 = t*u. What is y(u)?
-2
Let k(b) = 1173*b - 1175*b - 4*b**3 - 5 + b**2 + 5 + 2 - 3. Give k(2).
-33
Let q = -7 + 12. Let d(n) be the first derivative of n**4/4 - 4*n**3/3 - 3*n**2/2 - 6*n + 480. What is d(q)?
4
Let a(q) be the first derivative of -q**5/60 - q**4/6 + 5*q**2 + 1. Let l(n) be the second derivative of a(n). What is l(-5)?
-5
Let z(r) = r + 11. Suppose 3*b = 62 + 7. Suppose 0 = -3*d - k - b, -5*k - 4 = d - k. Give z(d).
3
Let r(j) be the second derivative of -j**6/360 - j**5/20 - 4*j**4/3 - 13*j. Let z(q) be the third derivative of r(q). Determine z(-5).
4
Let j(x) = -2 + 14*x + 0 - 4*x**2 - 48*x + 30*x. Determine j(-2).
-10
Suppose 9 = -6*w + 3*w. Let v(x) = 6*x - 3*x - x + 2*x. Give v(w).
-12
Let c(k) = k**2 + 14*k + 47. Let d be c(-8). Let b(x) be the first derivative of 2/3*x**3 - x + 3/4*x**4 + 1 + 0*x**2. Determine b(d).
-2
Suppose -5*f = -5*r - 45, -6 - 18 = 2*r - 4*f. Let k(c) = -c**2 - 9*c - 9. Determine k(r).
9
Let u(h) = h**3 + 12*h**2 + 9*h - 11. Suppose 3*j + 2*o = -37, -9*j = -4*j - 4*o + 47. Give u(j).
11
Let x(b) = -4*b + 6*b - 5*b + 69 + 5*b**2 - 77. Let f be (-5)/2*(1 - -1). Let n(m) = -3*m**2 + 2*m + 5. Let q(y) = f*x(y) - 8*n(y). Calculate q(0).
0
Let t(f) = f**3 - f**2 - 10. Let a = -3 - -7. Suppose -3*o - 9 = 3*n - 0*n, 0 = a*n - o - 3. Suppose -r + n*r = 0. Determine t(r).
-10
Let u(b) = -5*b - 4. Let f(h) = -1. Suppose 0 = -4*l + 5*l + 3. Let x = 0 + l. Let p(q) = x*f(q) + u(q). What is p(1)?
-6
Suppose -2*f + 5*i = 7, 0 = -6*f + 3*f + 4*i. Let l(r) = -3*r**3 + 4 + 155*r - 152*r + 4*r**3 + f*r**2. Let j(t) = -t - 4. Let p be j(0). Calculate l(p).
-8
Let b(g) = 2*g**2 + 50*g - 9. Let c be b(-25). Let a(i) = -2 + 5 + 1 + i. Determine a(c).
-5
Let d(g) = -10*g + 26. Let o(n) = -18*n + 49. Let q(y) = -11*d(y) + 6*o(y). Calculate q(5).
18
Let v = -188 + 182. Let y(q) be the third derivative of q**4/12 - 5*q**3/6 + 7*q**2. Give y(v).
-17
Suppose 0*t + 18 = 3*t + o, -9 = -3*o. Let y be (-35)/(-14)*2/t. Let g(b) be the first derivative of b**4 + 2*b**3/3 - b**2/2 + 1. Determine g(y).
5
Let z(w) be the second derivative of w**3/3 - w**2 + w. Let k(l) = l**3 - 14*l**2 + 46*l + 19. Let a be k(8). What is z(a)?
4
Let d(w) = -8*w**2 + 220*w**3 + 24*w**2 - 17*w - 219*w**3 - 6. Let z be d(-17). Let b(f) = -f**2 - 6*f + 4. Calculate b(z).
4
Let m(i) = -2*i + 5 + 0 - 2 + 1 - i**2 - 3. Let f be (-1)/((-1)/(-2)) + 12. Suppose -z = -2, 4*z - f = q + z. Give m(q).
-7
Let r(a) = 4*a + 20. Let o be r(-9). Let x(k) = -2*k - 29. Let y be x(o). Let v(i) = -i + 4. Determine v(y).
1
Let i be 1*1*(0 - -2 - -10). Let q = i + -8. Let z(c) = -c**3 + 5*c**2 - 2*c - 3. Calculate z(q).
5
Let d(f) = -f + 2. Let y(n) = n**2 - n - 1. Let a(s) = 11 - 6*s**2 - s - 4*s**2 + 3*s**2. Let o(w) = a(w) + 6*y(w). Let v be o(-7). Determine d(v).
-3
Let j = 0 + 1. Suppose 7 + j = -2*a. Let k(d) = d**2 + 4*d**2 + d + d**3 + 1 + 4*d. Calculate k(a).
-3
Let y be (-2 - -3)*26 + 2. Let f(u) = 13 + 5 + 6*u + 7 - u**2 - y. What is f(5)?
2
Let g = 16 + -13. Let f(m) = -3*m**2 - 2*m**2 + 4*m + g*m**2 - 22 + 23 - m**3. What is f(-3)?
-2
Let m = -1116 - -1122. Let i(x) = -3*x + 10. Let d(f) = 1. Let t(q) = 2*d(q) - i(q). Give t(m).
10
Let k(n) = n**2 - 9*n + 8. Let r be k(8). Suppose r = 2*j + 5 + 1. Let u(f) = -4 + 3*f - f - 9*f**2 + 10*f**2. What is u(j)?
-1
Let q(g) = g**3 + 7*g**2 - 2*g - 1. Let v(x) = 2*x**3 + 15*x**2 - 5*x - 2. Let y(c) = 9*q(c) - 4*v(c). Suppose 3*k - k + 6 = 0. What is y(k)?
-7
Suppose 18*d = 7*d - 1309. Let x = 113 + d. Let y(b) = 7*b**2 + b + b**3 + 9 - 4*b + 12*b. Give y(x).
-9
Let l(u) = 6*u - 41. Let s be l(7). Let t(m) = 3*m + 3. Calculate t(s).
6
Let t(c) = -c**2 - c + 2. Let p be t(0). Let a(f) = p - 4*f + 3*f**2 + 3*f**2 - 4*f**2. What is a(3)?
8
Suppose 5*f = f + 4. Suppose -5*u - f = -6*u. Let k(p) be the second derivative of p**4/3 + p**2/2 - 2*p. Give k(u).
5
Let t(r) be the third derivative of -r**4/24 - 31*r**3/6 + 67*r**2. Determine t(0).
-31
Let f(j) = 7*j**2 + 3*j + 4. Let z(t) = 7*t**2 + 4*t + 6. Let o(p) = -3*f(p) + 2*z(p). Give o(1).
-8
Let l(n) = n**2 + 3. Suppose -7 = 2*m - 17. Suppose -5*g = i - 17, g - 5 = -m*i + 8. What is l(g)?
12
Suppose -4*p + 16 = 4*a, p + 2 + 19 = 4*a. Let l(c) = c + 5 + 5*c**3 - 7 + 3. What is l(p)?
-5
Suppose -7*c + 9*c - 2 = 0. Let x(r) = 2*r**3 - 4*r**2 + 8*r - 10. Let l(f) = f**3 + f**2. Let w(j) = c*x(j) - 3*l(j). Determine w(-8).
-10
Let j(s) = s**3 - s**2 + s + 15. Let u be j(0). Let f = -10 + u. Let z(b) = -b**2 + 5*b - 4. Determine z(f).
-4
Let y(g) = -g**3 - g - 22. Let c = -415 - -415. What is y(c)?
-22
Suppose 2*w = -m - 21, 6*w = -2*m + w - 41. Let p = -23 - m. Let s(l) = l**3 + l**2 - l + 9. Calculate s(p).
9
Let c be (1*-3)/((-39)/143). Let z(w) be the first derivative of c - 1/3*w**3 + 3*w + 1/2*w**2. Give z(0).
3
Let a(c) be the second derivative of -c**4/12 + 5*c**3/3 + 3*c**2 - 568*c. Give a(10).
6
Let j(x) = -9*x**2 - 2*x + 9. Let d(h) = 5*h**2 + h - 5. Suppose -2*t - 5*t = 35. Let i(l) = t*d(l) - 3*j(l). Determine i(3).
19
Let l = -857 - -859. Let y(p) = -2*p**3 + 2*p**2 - 2*p + 3. Determine y(l).
-9
Let j(z) = 4*z - 1 + 2*z - 4*z. Let h = 49 + -48. Suppose h - 6 = q. Calculate j(q).
-11
Let r(c) = 2*c**3 + 49*c**2 - 24*c + 34. Let g be r(-25). Let i(u) = 5*u - 37. What is i(g)?
8
Let t(n) = 11*n**2 + 3*n + 9. Let o(c) = 2*c**2 + 1. Let j(z) = 6*o(z) - t(z). Give j(4).
1
Let i = 20 - 13. Suppose -11 = -4*l - i. Let w(b) = -11*b + 1. Let z(c) = -c + 1. Let y(r) = w(r) - 2*z(r). Determine y(l).
-10
Let k be (-117)/(-39) + 2 + (-11)/1. Let n(z) = -z**3 - 4*z**2 + 12*z - 1. Determine n(k).
-1
Let c(f) be the second derivative of -f**3/6 - 5*f**2/2 + f + 3. Calculate c(8).
-13
Let q(r) = -18 - r**3 + 0*r + 19 + 3*r - 2*r**2 + 0*r. What is q(-3)?
1
Let l(a) = a**2 + 6*a - 2. Let h(j) = 3*j**2 - 17*j - 7. Let d be h(6). Let u(g) = g - 1. Let c(f) = d*l(f) + 3*u(f). Give c(-2).
1
Let s(k) = -9*k**2 + 7*k - 7. Let u(q) = -3*q**2 + 4*q - 3 - 1 - 2*q**2. Let g(y) = -6*s(y) + 11*u(y). Give g(3).
-5
Let v(s) = 6*s**2 - 6*s**2 + 15*s**3. Let b(m) = 15*m - 7*m + 4*m + 11 + 2*m**2 + 9*m. Let a be b(-10). What is v(a)?
15
Suppose 5*w - 190 = 3*r, r - 106 = -3*w - 6. Suppose 3*l = -2*l + w. Let